{"id":145,"date":"2022-12-28T23:13:13","date_gmt":"2022-12-28T23:13:13","guid":{"rendered":"https:\/\/kinetophone.eu\/?page_id=145"},"modified":"2026-04-05T19:55:16","modified_gmt":"2026-04-05T19:55:16","slug":"live-shows","status":"publish","type":"page","link":"https:\/\/kinetophone.eu\/index.php\/live-shows\/","title":{"rendered":"Live Shows"},"content":{"rendered":"\n<h1 class=\"wp-block-heading\"><\/h1>\n\n\n\n<h2 class=\"wp-block-heading\" id=\"inspiro-is-a-digital-product-agency-that-focuses-on-strategy-and-design\"><strong>Upcoming<\/strong><\/h2>\n\n\n\n<p><\/p>\n\n\n\n<p>Kinetophone vs Metropolis: Tickets @ <a href=\"https:\/\/www.groningerfilmdagen.nl\/nl\/\">Forum Groningen<\/a><br>We play our live soundtrack to the ultimate classic 1927 silent film Metropolis by Fritz Lang.<\/p>\n\n\n\n<p>April 11 &#8211; 20.00 <br>Forum Groningen, Nieuwe Markt 1.<\/p>\n\n\n\n<figure class=\"wp-block-embed is-type-video is-provider-youtube wp-block-embed-youtube wp-embed-aspect-16-9 wp-has-aspect-ratio\"><div class=\"wp-block-embed__wrapper\">\n<iframe title=\"Metropolis 1927 trailer with Kinetophone music\" width=\"950\" height=\"534\" src=\"https:\/\/www.youtube.com\/embed\/Q1bVZXQBfLk?feature=oembed\" frameborder=\"0\" allow=\"accelerometer; autoplay; clipboard-write; encrypted-media; gyroscope; picture-in-picture; web-share\" referrerpolicy=\"strict-origin-when-cross-origin\" allowfullscreen><\/iframe>\n<\/div><\/figure>\n\n\n\n<p><\/p>\n\n\n\n<p><\/p>\n\n\n\n<p>Kinetophone vs Metropolis: @Groninger Filmdagen &#8211; Camera Hereplein. October 25, 19.00.<\/p>\n\n\n\n<p>Kinetophone vs Metropolis: Tickets @ <a href=\"https:\/\/rkzbios.nl\/movie\/Metropolis---met-live-soundtrack-door-Kinetophone\/179\">ORKZ Bios in Groningen, March 15-17.<\/a> Three shows.<br>We play our live soundtrack to the ultimate classic 1927 silent film Metropolis by Fritz Lang.<\/p>\n\n\n\n<p>March 15 &#8211; 20.30 | March 16 &#8211; 14.00 | March 17 &#8211; 20.30<br>ORKZ Bios, Emmastraat 15, Groningen<\/p>\n\n\n\n<h2 class=\"wp-block-heading\">Photogallery past shows (random)<\/h2>\n\n\n\n<p>Kinetophone performed their take on existing soundtracks at the Beste Groninger Film award show (3-2024) at Forum Groningen (Photo: Bob de Vries)<\/p>\n\n\n\n<figure class=\"wp-block-image size-large is-style-default\"><img fetchpriority=\"high\" decoding=\"async\" width=\"1024\" height=\"576\" src=\"https:\/\/kinetophone.eu\/wp-content\/uploads\/2024\/04\/bestegroningerfilms-859716-1024x576.jpg\" alt=\"Kinetophone live performing soundtracks at Beste Groninger Film\" class=\"wp-image-259\" srcset=\"https:\/\/kinetophone.eu\/wp-content\/uploads\/2024\/04\/bestegroningerfilms-859716-1024x576.jpg 1024w, https:\/\/kinetophone.eu\/wp-content\/uploads\/2024\/04\/bestegroningerfilms-859716-300x169.jpg 300w, https:\/\/kinetophone.eu\/wp-content\/uploads\/2024\/04\/bestegroningerfilms-859716-768x432.jpg 768w, https:\/\/kinetophone.eu\/wp-content\/uploads\/2024\/04\/bestegroningerfilms-859716-1536x864.jpg 1536w, https:\/\/kinetophone.eu\/wp-content\/uploads\/2024\/04\/bestegroningerfilms-859716-600x338.jpg 600w, https:\/\/kinetophone.eu\/wp-content\/uploads\/2024\/04\/bestegroningerfilms-859716.jpg 1920w\" sizes=\"(max-width: 1024px) 100vw, 1024px\" \/><\/figure>\n\n\n\n<div style=\"height:30px\" aria-hidden=\"true\" class=\"wp-block-spacer\"><\/div>\n\n\n\n<p>Kinetophone presents The Sound of Maya Deren (Livestream from Peergroup headquarters in Donderen, 2020 | Liveshow at Forum Groningen 2021)<\/p>\n\n\n\n<figure class=\"wp-block-gallery has-nested-images columns-default is-cropped wp-block-gallery-1 is-layout-flex wp-block-gallery-is-layout-flex\">\n<figure class=\"wp-block-image size-large\"><img decoding=\"async\" width=\"643\" height=\"466\" data-id=\"13\" src=\"https:\/\/kinetophone.eu\/wp-content\/uploads\/2022\/12\/Deren-Meshes.jpg\" alt=\"\" class=\"wp-image-13\" srcset=\"https:\/\/kinetophone.eu\/wp-content\/uploads\/2022\/12\/Deren-Meshes.jpg 643w, https:\/\/kinetophone.eu\/wp-content\/uploads\/2022\/12\/Deren-Meshes-300x217.jpg 300w\" sizes=\"(max-width: 643px) 100vw, 643px\" \/><figcaption class=\"wp-element-caption\">Maya Deren, Meshes of the Afternoon<\/figcaption><\/figure>\n\n\n\n<figure class=\"wp-block-image size-large\"><img decoding=\"async\" width=\"1024\" height=\"681\" data-id=\"172\" src=\"https:\/\/kinetophone.eu\/wp-content\/uploads\/2023\/01\/DSC_0804-1024x681.jpg\" alt=\"\" class=\"wp-image-172\" srcset=\"https:\/\/kinetophone.eu\/wp-content\/uploads\/2023\/01\/DSC_0804-1024x681.jpg 1024w, https:\/\/kinetophone.eu\/wp-content\/uploads\/2023\/01\/DSC_0804-300x199.jpg 300w, https:\/\/kinetophone.eu\/wp-content\/uploads\/2023\/01\/DSC_0804-768x511.jpg 768w, https:\/\/kinetophone.eu\/wp-content\/uploads\/2023\/01\/DSC_0804-1536x1021.jpg 1536w, https:\/\/kinetophone.eu\/wp-content\/uploads\/2023\/01\/DSC_0804-2048x1362.jpg 2048w, https:\/\/kinetophone.eu\/wp-content\/uploads\/2023\/01\/DSC_0804-2000x1330.jpg 2000w, https:\/\/kinetophone.eu\/wp-content\/uploads\/2023\/01\/DSC_0804-600x399.jpg 600w\" sizes=\"(max-width: 1024px) 100vw, 1024px\" \/><figcaption class=\"wp-element-caption\">Maya Deren, Livestream<\/figcaption><\/figure>\n\n\n\n<figure class=\"wp-block-image size-large\"><img loading=\"lazy\" decoding=\"async\" width=\"1024\" height=\"576\" data-id=\"174\" src=\"https:\/\/kinetophone.eu\/wp-content\/uploads\/2023\/01\/Maya-Deren-At-Land-climbandtablescene-Kinetophone-F4983-1024x576.jpeg\" alt=\"\" class=\"wp-image-174\" srcset=\"https:\/\/kinetophone.eu\/wp-content\/uploads\/2023\/01\/Maya-Deren-At-Land-climbandtablescene-Kinetophone-F4983-1024x576.jpeg 1024w, https:\/\/kinetophone.eu\/wp-content\/uploads\/2023\/01\/Maya-Deren-At-Land-climbandtablescene-Kinetophone-F4983-300x169.jpeg 300w, https:\/\/kinetophone.eu\/wp-content\/uploads\/2023\/01\/Maya-Deren-At-Land-climbandtablescene-Kinetophone-F4983-768x432.jpeg 768w, https:\/\/kinetophone.eu\/wp-content\/uploads\/2023\/01\/Maya-Deren-At-Land-climbandtablescene-Kinetophone-F4983-600x338.jpeg 600w, https:\/\/kinetophone.eu\/wp-content\/uploads\/2023\/01\/Maya-Deren-At-Land-climbandtablescene-Kinetophone-F4983.jpeg 1280w\" sizes=\"(max-width: 1024px) 100vw, 1024px\" \/><figcaption class=\"wp-element-caption\">Maya Deren, Livestream<\/figcaption><\/figure>\n\n\n\n<figure class=\"wp-block-image size-large\"><img loading=\"lazy\" decoding=\"async\" width=\"1024\" height=\"1024\" data-id=\"78\" src=\"https:\/\/kinetophone.eu\/wp-content\/uploads\/2022\/12\/IMG_0693-1024x1024.jpg\" alt=\"\" class=\"wp-image-78\" srcset=\"https:\/\/kinetophone.eu\/wp-content\/uploads\/2022\/12\/IMG_0693-1024x1024.jpg 1024w, https:\/\/kinetophone.eu\/wp-content\/uploads\/2022\/12\/IMG_0693-300x300.jpg 300w, https:\/\/kinetophone.eu\/wp-content\/uploads\/2022\/12\/IMG_0693-150x150.jpg 150w, https:\/\/kinetophone.eu\/wp-content\/uploads\/2022\/12\/IMG_0693-768x768.jpg 768w, https:\/\/kinetophone.eu\/wp-content\/uploads\/2022\/12\/IMG_0693-1536x1536.jpg 1536w, https:\/\/kinetophone.eu\/wp-content\/uploads\/2022\/12\/IMG_0693-2048x2048.jpg 2048w, https:\/\/kinetophone.eu\/wp-content\/uploads\/2022\/12\/IMG_0693-2000x2000.jpg 2000w, https:\/\/kinetophone.eu\/wp-content\/uploads\/2022\/12\/IMG_0693-600x600.jpg 600w, https:\/\/kinetophone.eu\/wp-content\/uploads\/2022\/12\/IMG_0693-800x800.jpg 800w\" sizes=\"(max-width: 1024px) 100vw, 1024px\" \/><figcaption class=\"wp-element-caption\">Maya Deren, Forum Groningen<\/figcaption><\/figure>\n<\/figure>\n\n\n\n<div style=\"height:60px\" aria-hidden=\"true\" class=\"wp-block-spacer\"><\/div>\n\n\n\n<p>H\u00c5XAN by Benjamin Christensen, live at Imagine Filmfestival (EYE, Amsterdam, 2017)<\/p>\n\n\n\n<figure class=\"wp-block-gallery has-nested-images columns-default is-cropped wp-block-gallery-2 is-layout-flex wp-block-gallery-is-layout-flex\">\n<figure class=\"wp-block-image size-large\"><img loading=\"lazy\" decoding=\"async\" width=\"768\" height=\"960\" data-id=\"151\" src=\"https:\/\/kinetophone.eu\/wp-content\/uploads\/2023\/01\/HAXAN_EYE_01.jpg\" alt=\"\" class=\"wp-image-151\" srcset=\"https:\/\/kinetophone.eu\/wp-content\/uploads\/2023\/01\/HAXAN_EYE_01.jpg 768w, https:\/\/kinetophone.eu\/wp-content\/uploads\/2023\/01\/HAXAN_EYE_01-240x300.jpg 240w, https:\/\/kinetophone.eu\/wp-content\/uploads\/2023\/01\/HAXAN_EYE_01-600x750.jpg 600w\" sizes=\"(max-width: 768px) 100vw, 768px\" \/><\/figure>\n\n\n\n<figure class=\"wp-block-image size-large\"><img loading=\"lazy\" decoding=\"async\" width=\"768\" height=\"960\" data-id=\"152\" src=\"https:\/\/kinetophone.eu\/wp-content\/uploads\/2023\/01\/HAXAN_EYE_02.jpg\" alt=\"\" class=\"wp-image-152\" srcset=\"https:\/\/kinetophone.eu\/wp-content\/uploads\/2023\/01\/HAXAN_EYE_02.jpg 768w, https:\/\/kinetophone.eu\/wp-content\/uploads\/2023\/01\/HAXAN_EYE_02-240x300.jpg 240w, https:\/\/kinetophone.eu\/wp-content\/uploads\/2023\/01\/HAXAN_EYE_02-600x750.jpg 600w\" sizes=\"(max-width: 768px) 100vw, 768px\" \/><\/figure>\n<\/figure>\n\n\n\n<div style=\"height:30px\" aria-hidden=\"true\" class=\"wp-block-spacer\"><\/div>\n\n\n\n<figure class=\"wp-block-embed is-type-video is-provider-youtube wp-block-embed-youtube wp-embed-aspect-16-9 wp-has-aspect-ratio\"><div class=\"wp-block-embed__wrapper\">\n<iframe title=\"Filmconcert H\u00e4xan - DYZLO film\" width=\"950\" height=\"534\" src=\"https:\/\/www.youtube.com\/embed\/-PMr2-ultH8?feature=oembed\" frameborder=\"0\" allow=\"accelerometer; autoplay; clipboard-write; encrypted-media; gyroscope; picture-in-picture; web-share\" referrerpolicy=\"strict-origin-when-cross-origin\" allowfullscreen><\/iframe>\n<\/div><\/figure>\n\n\n\n<div style=\"height:60px\" aria-hidden=\"true\" class=\"wp-block-spacer\"><\/div>\n\n\n\n<p>Arsenal by Dovzhenko, live at Spoiwa Kultury Festival (Stettin, 2014)<\/p>\n\n\n\n<figure class=\"wp-block-gallery has-nested-images columns-default is-cropped wp-block-gallery-3 is-layout-flex wp-block-gallery-is-layout-flex\">\n<figure class=\"wp-block-image size-large\"><img loading=\"lazy\" decoding=\"async\" width=\"1024\" height=\"678\" data-id=\"155\" src=\"https:\/\/kinetophone.eu\/wp-content\/uploads\/2023\/01\/Spoiwa14_13-1024x678.jpg\" alt=\"\" class=\"wp-image-155\" srcset=\"https:\/\/kinetophone.eu\/wp-content\/uploads\/2023\/01\/Spoiwa14_13-1024x678.jpg 1024w, https:\/\/kinetophone.eu\/wp-content\/uploads\/2023\/01\/Spoiwa14_13-300x199.jpg 300w, https:\/\/kinetophone.eu\/wp-content\/uploads\/2023\/01\/Spoiwa14_13-768x509.jpg 768w, https:\/\/kinetophone.eu\/wp-content\/uploads\/2023\/01\/Spoiwa14_13-600x397.jpg 600w, https:\/\/kinetophone.eu\/wp-content\/uploads\/2023\/01\/Spoiwa14_13.jpg 1400w\" sizes=\"(max-width: 1024px) 100vw, 1024px\" \/><figcaption class=\"wp-element-caption\">Arsenal Stettin (PL)<\/figcaption><\/figure>\n\n\n\n<figure class=\"wp-block-image size-large\"><img loading=\"lazy\" decoding=\"async\" width=\"678\" height=\"1024\" data-id=\"156\" src=\"https:\/\/kinetophone.eu\/wp-content\/uploads\/2023\/01\/Spoiwa14_02-678x1024.jpg\" alt=\"\" class=\"wp-image-156\" srcset=\"https:\/\/kinetophone.eu\/wp-content\/uploads\/2023\/01\/Spoiwa14_02-678x1024.jpg 678w, https:\/\/kinetophone.eu\/wp-content\/uploads\/2023\/01\/Spoiwa14_02-199x300.jpg 199w, https:\/\/kinetophone.eu\/wp-content\/uploads\/2023\/01\/Spoiwa14_02-768x1160.jpg 768w, https:\/\/kinetophone.eu\/wp-content\/uploads\/2023\/01\/Spoiwa14_02-600x906.jpg 600w, https:\/\/kinetophone.eu\/wp-content\/uploads\/2023\/01\/Spoiwa14_02.jpg 927w\" sizes=\"(max-width: 678px) 100vw, 678px\" \/><figcaption class=\"wp-element-caption\">Arsenal Stettin (PL)<\/figcaption><\/figure>\n\n\n\n<figure class=\"wp-block-image size-large\"><img loading=\"lazy\" decoding=\"async\" width=\"900\" height=\"596\" data-id=\"150\" src=\"https:\/\/kinetophone.eu\/wp-content\/uploads\/2023\/01\/2014_Kineto_polen_Arsenal2.jpg\" alt=\"\" class=\"wp-image-150\" srcset=\"https:\/\/kinetophone.eu\/wp-content\/uploads\/2023\/01\/2014_Kineto_polen_Arsenal2.jpg 900w, https:\/\/kinetophone.eu\/wp-content\/uploads\/2023\/01\/2014_Kineto_polen_Arsenal2-300x199.jpg 300w, https:\/\/kinetophone.eu\/wp-content\/uploads\/2023\/01\/2014_Kineto_polen_Arsenal2-768x509.jpg 768w, https:\/\/kinetophone.eu\/wp-content\/uploads\/2023\/01\/2014_Kineto_polen_Arsenal2-600x397.jpg 600w\" sizes=\"(max-width: 900px) 100vw, 900px\" \/><figcaption class=\"wp-element-caption\">Arsenal Stettin (PL)<\/figcaption><\/figure>\n\n\n\n<figure class=\"wp-block-image size-large\"><img loading=\"lazy\" decoding=\"async\" width=\"900\" height=\"596\" data-id=\"149\" src=\"https:\/\/kinetophone.eu\/wp-content\/uploads\/2023\/01\/2014_Kineto_polen_Arsenal.jpg\" alt=\"\" class=\"wp-image-149\" srcset=\"https:\/\/kinetophone.eu\/wp-content\/uploads\/2023\/01\/2014_Kineto_polen_Arsenal.jpg 900w, https:\/\/kinetophone.eu\/wp-content\/uploads\/2023\/01\/2014_Kineto_polen_Arsenal-300x199.jpg 300w, https:\/\/kinetophone.eu\/wp-content\/uploads\/2023\/01\/2014_Kineto_polen_Arsenal-768x509.jpg 768w, https:\/\/kinetophone.eu\/wp-content\/uploads\/2023\/01\/2014_Kineto_polen_Arsenal-600x397.jpg 600w\" sizes=\"(max-width: 900px) 100vw, 900px\" \/><figcaption class=\"wp-element-caption\">Arsenal Stettin (PL)<\/figcaption><\/figure>\n<\/figure>\n\n\n\n<div style=\"height:60px\" aria-hidden=\"true\" class=\"wp-block-spacer\"><\/div>\n\n\n\n<p>L&#8217;invitation au voyage by Germaine Dulac, live at Winterwelvaart Festival (Groningen, 2014)<\/p>\n\n\n\n<figure class=\"wp-block-gallery has-nested-images columns-default is-cropped wp-block-gallery-4 is-layout-flex wp-block-gallery-is-layout-flex\">\n<figure class=\"wp-block-image size-large\"><img loading=\"lazy\" decoding=\"async\" width=\"1024\" height=\"683\" data-id=\"103\" src=\"https:\/\/kinetophone.eu\/wp-content\/uploads\/2022\/12\/IMG_5266-1024x683.jpg\" alt=\"\" class=\"wp-image-103\" srcset=\"https:\/\/kinetophone.eu\/wp-content\/uploads\/2022\/12\/IMG_5266-1024x683.jpg 1024w, https:\/\/kinetophone.eu\/wp-content\/uploads\/2022\/12\/IMG_5266-300x200.jpg 300w, https:\/\/kinetophone.eu\/wp-content\/uploads\/2022\/12\/IMG_5266-768x512.jpg 768w, https:\/\/kinetophone.eu\/wp-content\/uploads\/2022\/12\/IMG_5266-1536x1024.jpg 1536w, https:\/\/kinetophone.eu\/wp-content\/uploads\/2022\/12\/IMG_5266-2000x1333.jpg 2000w, https:\/\/kinetophone.eu\/wp-content\/uploads\/2022\/12\/IMG_5266-600x400.jpg 600w, https:\/\/kinetophone.eu\/wp-content\/uploads\/2022\/12\/IMG_5266.jpg 2048w\" sizes=\"(max-width: 1024px) 100vw, 1024px\" \/><figcaption class=\"wp-element-caption\">L&#8217;invitation au voyage, Groningen<\/figcaption><\/figure>\n\n\n\n<figure class=\"wp-block-image size-large\"><img loading=\"lazy\" decoding=\"async\" width=\"1024\" height=\"683\" data-id=\"104\" src=\"https:\/\/kinetophone.eu\/wp-content\/uploads\/2022\/12\/IMG_5267-1024x683.jpg\" alt=\"\" class=\"wp-image-104\" srcset=\"https:\/\/kinetophone.eu\/wp-content\/uploads\/2022\/12\/IMG_5267-1024x683.jpg 1024w, https:\/\/kinetophone.eu\/wp-content\/uploads\/2022\/12\/IMG_5267-300x200.jpg 300w, https:\/\/kinetophone.eu\/wp-content\/uploads\/2022\/12\/IMG_5267-768x512.jpg 768w, https:\/\/kinetophone.eu\/wp-content\/uploads\/2022\/12\/IMG_5267-1536x1024.jpg 1536w, https:\/\/kinetophone.eu\/wp-content\/uploads\/2022\/12\/IMG_5267-2000x1333.jpg 2000w, https:\/\/kinetophone.eu\/wp-content\/uploads\/2022\/12\/IMG_5267-600x400.jpg 600w, https:\/\/kinetophone.eu\/wp-content\/uploads\/2022\/12\/IMG_5267.jpg 2048w\" sizes=\"(max-width: 1024px) 100vw, 1024px\" \/><figcaption class=\"wp-element-caption\">L&#8217;invitation au voyage, Groningen<\/figcaption><\/figure>\n\n\n\n<figure class=\"wp-block-image size-large\"><img loading=\"lazy\" decoding=\"async\" width=\"446\" height=\"630\" data-id=\"30\" src=\"https:\/\/kinetophone.eu\/wp-content\/uploads\/2022\/12\/ReneIMG_4007.jpg\" alt=\"\" class=\"wp-image-30\" srcset=\"https:\/\/kinetophone.eu\/wp-content\/uploads\/2022\/12\/ReneIMG_4007.jpg 446w, https:\/\/kinetophone.eu\/wp-content\/uploads\/2022\/12\/ReneIMG_4007-212x300.jpg 212w\" sizes=\"(max-width: 446px) 100vw, 446px\" \/><figcaption class=\"wp-element-caption\">L&#8217;invitation au voyage, Groningen<\/figcaption><\/figure>\n\n\n\n<figure class=\"wp-block-image size-large\"><img loading=\"lazy\" decoding=\"async\" width=\"1024\" height=\"683\" data-id=\"102\" src=\"https:\/\/kinetophone.eu\/wp-content\/uploads\/2022\/12\/IMG_5262-1024x683.jpg\" alt=\"\" class=\"wp-image-102\" srcset=\"https:\/\/kinetophone.eu\/wp-content\/uploads\/2022\/12\/IMG_5262-1024x683.jpg 1024w, https:\/\/kinetophone.eu\/wp-content\/uploads\/2022\/12\/IMG_5262-300x200.jpg 300w, https:\/\/kinetophone.eu\/wp-content\/uploads\/2022\/12\/IMG_5262-768x512.jpg 768w, https:\/\/kinetophone.eu\/wp-content\/uploads\/2022\/12\/IMG_5262-1536x1024.jpg 1536w, https:\/\/kinetophone.eu\/wp-content\/uploads\/2022\/12\/IMG_5262-2000x1333.jpg 2000w, https:\/\/kinetophone.eu\/wp-content\/uploads\/2022\/12\/IMG_5262-600x400.jpg 600w, https:\/\/kinetophone.eu\/wp-content\/uploads\/2022\/12\/IMG_5262.jpg 2048w\" sizes=\"(max-width: 1024px) 100vw, 1024px\" \/><figcaption class=\"wp-element-caption\">L&#8217;invitation au voyage, Groningen<\/figcaption><\/figure>\n<\/figure>\n\n\n\n<div style=\"height:60px\" aria-hidden=\"true\" class=\"wp-block-spacer\"><\/div>\n\n\n\n<p>Baarje, art installation by Ren\u00e9 Duursma and Antonia Rehnen, music by Kinetophone ft. El\u00e9nie Wagner, live performance (at premi\u00e8re Talentuin Festival (Leeuwarden, European City of Culture, 2018)<\/p>\n\n\n\n<figure class=\"wp-block-gallery has-nested-images columns-default is-cropped wp-block-gallery-5 is-layout-flex wp-block-gallery-is-layout-flex\">\n<figure class=\"wp-block-image size-large\"><img loading=\"lazy\" decoding=\"async\" width=\"768\" height=\"1024\" data-id=\"160\" src=\"https:\/\/kinetophone.eu\/wp-content\/uploads\/2023\/01\/IMG_6202-768x1024.jpg\" alt=\"\" class=\"wp-image-160\" srcset=\"https:\/\/kinetophone.eu\/wp-content\/uploads\/2023\/01\/IMG_6202-768x1024.jpg 768w, https:\/\/kinetophone.eu\/wp-content\/uploads\/2023\/01\/IMG_6202-225x300.jpg 225w, https:\/\/kinetophone.eu\/wp-content\/uploads\/2023\/01\/IMG_6202-1152x1536.jpg 1152w, https:\/\/kinetophone.eu\/wp-content\/uploads\/2023\/01\/IMG_6202-1536x2048.jpg 1536w, https:\/\/kinetophone.eu\/wp-content\/uploads\/2023\/01\/IMG_6202-2000x2667.jpg 2000w, https:\/\/kinetophone.eu\/wp-content\/uploads\/2023\/01\/IMG_6202-600x800.jpg 600w, https:\/\/kinetophone.eu\/wp-content\/uploads\/2023\/01\/IMG_6202-scaled.jpg 1920w\" sizes=\"(max-width: 768px) 100vw, 768px\" \/><figcaption class=\"wp-element-caption\">Baarje, Leeuwarden<\/figcaption><\/figure>\n\n\n\n<figure class=\"wp-block-image size-large\"><img loading=\"lazy\" decoding=\"async\" width=\"1024\" height=\"684\" data-id=\"158\" src=\"https:\/\/kinetophone.eu\/wp-content\/uploads\/2023\/01\/30726730_1000717923411289_5066588583389822976_o-1024x684.jpg\" alt=\"\" class=\"wp-image-158\" srcset=\"https:\/\/kinetophone.eu\/wp-content\/uploads\/2023\/01\/30726730_1000717923411289_5066588583389822976_o-1024x684.jpg 1024w, https:\/\/kinetophone.eu\/wp-content\/uploads\/2023\/01\/30726730_1000717923411289_5066588583389822976_o-300x200.jpg 300w, https:\/\/kinetophone.eu\/wp-content\/uploads\/2023\/01\/30726730_1000717923411289_5066588583389822976_o-768x513.jpg 768w, https:\/\/kinetophone.eu\/wp-content\/uploads\/2023\/01\/30726730_1000717923411289_5066588583389822976_o-1536x1025.jpg 1536w, https:\/\/kinetophone.eu\/wp-content\/uploads\/2023\/01\/30726730_1000717923411289_5066588583389822976_o-600x401.jpg 600w, https:\/\/kinetophone.eu\/wp-content\/uploads\/2023\/01\/30726730_1000717923411289_5066588583389822976_o.jpg 2000w\" sizes=\"(max-width: 1024px) 100vw, 1024px\" \/><figcaption class=\"wp-element-caption\">Baarje, Leeuwarden<\/figcaption><\/figure>\n\n\n\n<figure class=\"wp-block-image size-large\"><img loading=\"lazy\" decoding=\"async\" width=\"684\" height=\"1024\" data-id=\"159\" src=\"https:\/\/kinetophone.eu\/wp-content\/uploads\/2023\/01\/TALENTUIN-VRIJDAG-71-van-83-2018-13-april-684x1024.jpg\" alt=\"\" class=\"wp-image-159\" srcset=\"https:\/\/kinetophone.eu\/wp-content\/uploads\/2023\/01\/TALENTUIN-VRIJDAG-71-van-83-2018-13-april-684x1024.jpg 684w, https:\/\/kinetophone.eu\/wp-content\/uploads\/2023\/01\/TALENTUIN-VRIJDAG-71-van-83-2018-13-april-200x300.jpg 200w, https:\/\/kinetophone.eu\/wp-content\/uploads\/2023\/01\/TALENTUIN-VRIJDAG-71-van-83-2018-13-april-768x1151.jpg 768w, https:\/\/kinetophone.eu\/wp-content\/uploads\/2023\/01\/TALENTUIN-VRIJDAG-71-van-83-2018-13-april-1025x1536.jpg 1025w, https:\/\/kinetophone.eu\/wp-content\/uploads\/2023\/01\/TALENTUIN-VRIJDAG-71-van-83-2018-13-april-600x899.jpg 600w, https:\/\/kinetophone.eu\/wp-content\/uploads\/2023\/01\/TALENTUIN-VRIJDAG-71-van-83-2018-13-april.jpg 1335w\" sizes=\"(max-width: 684px) 100vw, 684px\" \/><figcaption class=\"wp-element-caption\">Baarje, Leeuwarden<\/figcaption><\/figure>\n\n\n\n<figure class=\"wp-block-image size-large\"><img loading=\"lazy\" decoding=\"async\" width=\"1024\" height=\"615\" data-id=\"137\" src=\"https:\/\/kinetophone.eu\/wp-content\/uploads\/2022\/12\/cropped-Weagen-marc-de-fotograaf-1024x615.jpg\" alt=\"\" class=\"wp-image-137\" srcset=\"https:\/\/kinetophone.eu\/wp-content\/uploads\/2022\/12\/cropped-Weagen-marc-de-fotograaf-1024x615.jpg 1024w, https:\/\/kinetophone.eu\/wp-content\/uploads\/2022\/12\/cropped-Weagen-marc-de-fotograaf-300x180.jpg 300w, https:\/\/kinetophone.eu\/wp-content\/uploads\/2022\/12\/cropped-Weagen-marc-de-fotograaf-768x461.jpg 768w, https:\/\/kinetophone.eu\/wp-content\/uploads\/2022\/12\/cropped-Weagen-marc-de-fotograaf-1536x922.jpg 1536w, https:\/\/kinetophone.eu\/wp-content\/uploads\/2022\/12\/cropped-Weagen-marc-de-fotograaf-600x360.jpg 600w, https:\/\/kinetophone.eu\/wp-content\/uploads\/2022\/12\/cropped-Weagen-marc-de-fotograaf.jpg 2000w\" sizes=\"(max-width: 1024px) 100vw, 1024px\" \/><figcaption class=\"wp-element-caption\">Baarje, Leeuwarden<\/figcaption><\/figure>\n<\/figure>\n\n\n\n<div style=\"height:60px\" aria-hidden=\"true\" class=\"wp-block-spacer\"><\/div>\n","protected":false},"excerpt":{"rendered":"<p>Upcoming Kinetophone vs Metropolis: Tickets @ Forum GroningenWe play our live soundtrack to the ultimate classic 1927 silent film Metropolis by Fritz Lang. April 11 &#8211; 20.00 Forum Groningen, Nieuwe Markt 1. Kinetophone vs Metropolis: @Groninger Filmdagen &#8211; Camera Hereplein. October 25, 19.00. Kinetophone vs Metropolis: Tickets @ ORKZ Bios in Groningen, March 15-17. Three &hellip; <\/p>\n<p class=\"link-more\"><a href=\"https:\/\/kinetophone.eu\/index.php\/live-shows\/\" class=\"more-link\">Read more<span class=\"screen-reader-text\"> &#8220;Live Shows&#8221;<\/span><\/a><\/p>\n","protected":false},"author":1,"featured_media":0,"parent":0,"menu_order":0,"comment_status":"closed","ping_status":"closed","template":"","meta":{"footnotes":""},"class_list":["post-145","page","type-page","status-publish","hentry"],"featured_media_urls":[],"_links":{"self":[{"href":"https:\/\/kinetophone.eu\/index.php\/wp-json\/wp\/v2\/pages\/145","targetHints":{"allow":["GET"]}}],"collection":[{"href":"https:\/\/kinetophone.eu\/index.php\/wp-json\/wp\/v2\/pages"}],"about":[{"href":"https:\/\/kinetophone.eu\/index.php\/wp-json\/wp\/v2\/types\/page"}],"author":[{"embeddable":true,"href":"https:\/\/kinetophone.eu\/index.php\/wp-json\/wp\/v2\/users\/1"}],"replies":[{"embeddable":true,"href":"https:\/\/kinetophone.eu\/index.php\/wp-json\/wp\/v2\/comments?post=145"}],"version-history":[{"count":18,"href":"https:\/\/kinetophone.eu\/index.php\/wp-json\/wp\/v2\/pages\/145\/revisions"}],"predecessor-version":[{"id":309,"href":"https:\/\/kinetophone.eu\/index.php\/wp-json\/wp\/v2\/pages\/145\/revisions\/309"}],"wp:attachment":[{"href":"https:\/\/kinetophone.eu\/index.php\/wp-json\/wp\/v2\/media?parent=145"}],"curies":[{"name":"wp","href":"https:\/\/api.w.org\/{rel}","templated":true}]}}